[INFO] cloning repository https://github.com/TangZhongham/linkr
[INFO] running `Command { std: "git" "-c" "credential.helper=" "-c" "credential.helper=/workspace/cargo-home/bin/git-credential-null" "clone" "--bare" "https://github.com/TangZhongham/linkr" "/workspace/cache/git-repos/https%3A%2F%2Fgithub.com%2FTangZhongham%2Flinkr", kill_on_drop: false }`
[INFO] [stderr] Cloning into bare repository '/workspace/cache/git-repos/https%3A%2F%2Fgithub.com%2FTangZhongham%2Flinkr'...
[INFO] running `Command { std: "git" "rev-parse" "HEAD", kill_on_drop: false }`
[INFO] [stdout] 5ae55fe3935d43f2bc1700cabc02e9603ea1064a
[INFO] checking TangZhongham/linkr against try#72f88fc4e9458f89516a0b8b0868f3718aec5b47 for pr-74989
[INFO] running `Command { std: "git" "clone" "/workspace/cache/git-repos/https%3A%2F%2Fgithub.com%2FTangZhongham%2Flinkr" "/workspace/builds/worker-3/source", kill_on_drop: false }`
[INFO] [stderr] Cloning into '/workspace/builds/worker-3/source'...
[INFO] [stderr] done.
[INFO] validating manifest of git repo https://github.com/TangZhongham/linkr on toolchain 72f88fc4e9458f89516a0b8b0868f3718aec5b47
[INFO] running `Command { std: "/workspace/cargo-home/bin/cargo" "+72f88fc4e9458f89516a0b8b0868f3718aec5b47" "read-manifest" "--manifest-path" "Cargo.toml", kill_on_drop: false }`
[INFO] started tweaking git repo https://github.com/TangZhongham/linkr
[INFO] finished tweaking git repo https://github.com/TangZhongham/linkr
[INFO] tweaked toml for git repo https://github.com/TangZhongham/linkr written to /workspace/builds/worker-3/source/Cargo.toml
[INFO] crate git repo https://github.com/TangZhongham/linkr already has a lockfile, it will not be regenerated
[INFO] running `Command { std: "/workspace/cargo-home/bin/cargo" "+72f88fc4e9458f89516a0b8b0868f3718aec5b47" "fetch" "--locked" "--manifest-path" "Cargo.toml", kill_on_drop: false }`
[INFO] running `Command { std: "docker" "create" "-v" "/var/lib/crater-agent-workspace/builds/worker-3/target:/opt/rustwide/target:rw,Z" "-v" "/var/lib/crater-agent-workspace/builds/worker-3/source:/opt/rustwide/workdir:ro,Z" "-v" "/var/lib/crater-agent-workspace/cargo-home:/opt/rustwide/cargo-home:ro,Z" "-v" "/var/lib/crater-agent-workspace/rustup-home:/opt/rustwide/rustup-home:ro,Z" "-e" "SOURCE_DIR=/opt/rustwide/workdir" "-e" "CARGO_TARGET_DIR=/opt/rustwide/target" "-e" "CARGO_HOME=/opt/rustwide/cargo-home" "-e" "RUSTUP_HOME=/opt/rustwide/rustup-home" "-w" "/opt/rustwide/workdir" "-m" "1610612736" "--user" "0:0" "--network" "none" "rustops/crates-build-env@sha256:d92eaeed33fa75130ca1ee6c8a01d1ffb62bac859dfdfb3450e3e5d1c0146529" "/opt/rustwide/cargo-home/bin/cargo" "+72f88fc4e9458f89516a0b8b0868f3718aec5b47" "metadata" "--no-deps" "--format-version=1", kill_on_drop: false }`
[INFO] [stdout] c9e328033135ea839ac355d554bd87d2501a50b02eb8ad56cc4d3d211c935504
[INFO] [stderr] WARNING: Your kernel does not support swap limit capabilities or the cgroup is not mounted. Memory limited without swap.
[INFO] running `Command { std: "docker" "start" "-a" "c9e328033135ea839ac355d554bd87d2501a50b02eb8ad56cc4d3d211c935504", kill_on_drop: false }`
[INFO] running `Command { std: "docker" "inspect" "c9e328033135ea839ac355d554bd87d2501a50b02eb8ad56cc4d3d211c935504", kill_on_drop: false }`
[INFO] running `Command { std: "docker" "rm" "-f" "c9e328033135ea839ac355d554bd87d2501a50b02eb8ad56cc4d3d211c935504", kill_on_drop: false }`
[INFO] [stdout] c9e328033135ea839ac355d554bd87d2501a50b02eb8ad56cc4d3d211c935504
[INFO] running `Command { std: "docker" "create" "-v" "/var/lib/crater-agent-workspace/builds/worker-3/target:/opt/rustwide/target:rw,Z" "-v" "/var/lib/crater-agent-workspace/builds/worker-3/source:/opt/rustwide/workdir:ro,Z" "-v" "/var/lib/crater-agent-workspace/cargo-home:/opt/rustwide/cargo-home:ro,Z" "-v" "/var/lib/crater-agent-workspace/rustup-home:/opt/rustwide/rustup-home:ro,Z" "-e" "SOURCE_DIR=/opt/rustwide/workdir" "-e" "CARGO_TARGET_DIR=/opt/rustwide/target" "-e" "CARGO_INCREMENTAL=0" "-e" "RUST_BACKTRACE=full" "-e" "RUSTFLAGS=--cap-lints=forbid" "-e" "CARGO_HOME=/opt/rustwide/cargo-home" "-e" "RUSTUP_HOME=/opt/rustwide/rustup-home" "-w" "/opt/rustwide/workdir" "-m" "1610612736" "--user" "0:0" "--network" "none" "rustops/crates-build-env@sha256:d92eaeed33fa75130ca1ee6c8a01d1ffb62bac859dfdfb3450e3e5d1c0146529" "/opt/rustwide/cargo-home/bin/cargo" "+72f88fc4e9458f89516a0b8b0868f3718aec5b47" "check" "--frozen" "--all" "--all-targets" "--message-format=json", kill_on_drop: false }`
[INFO] [stdout] b6a2daa3ec2c849d60834b5c52ab561675956d72fe2e817d156271324e8348aa
[INFO] [stderr] WARNING: Your kernel does not support swap limit capabilities or the cgroup is not mounted. Memory limited without swap.
[INFO] running `Command { std: "docker" "start" "-a" "b6a2daa3ec2c849d60834b5c52ab561675956d72fe2e817d156271324e8348aa", kill_on_drop: false }`
[INFO] [stderr]    Compiling syn v1.0.38
[INFO] [stderr]     Checking cfg-if v0.1.10
[INFO] [stderr]    Compiling memchr v2.3.3
[INFO] [stderr]     Checking lazy_static v1.4.0
[INFO] [stderr]     Checking slab v0.4.2
[INFO] [stderr]    Compiling autocfg v1.0.0
[INFO] [stderr]     Checking smallvec v1.4.1
[INFO] [stderr]     Checking scopeguard v1.1.0
[INFO] [stderr]     Checking instant v0.1.6
[INFO] [stderr]    Compiling getrandom v0.1.14
[INFO] [stderr]    Compiling bitflags v1.2.1
[INFO] [stderr]     Checking matches v0.1.8
[INFO] [stderr]     Checking copyless v0.1.5
[INFO] [stderr]    Compiling unicode-segmentation v1.6.0
[INFO] [stderr]     Checking either v1.5.3
[INFO] [stderr]     Checking percent-encoding v2.1.0
[INFO] [stderr]    Compiling serde v1.0.114
[INFO] [stderr]     Checking linked-hash-map v0.5.3
[INFO] [stderr]     Checking quick-error v1.2.3
[INFO] [stderr]    Compiling byteorder v1.3.4
[INFO] [stderr]    Compiling crc32fast v1.2.0
[INFO] [stderr]    Compiling version_check v0.1.5
[INFO] [stderr]    Compiling httparse v1.3.4
[INFO] [stderr]     Checking spin v0.5.2
[INFO] [stderr]     Checking mime v0.3.16
[INFO] [stderr]     Checking language-tags v0.2.2
[INFO] [stderr]     Checking base64 v0.11.0
[INFO] [stderr]     Checking sha1 v0.6.0
[INFO] [stderr]    Compiling brotli-sys v0.3.2
[INFO] [stderr]     Checking unicode-bidi v0.3.4
[INFO] [stderr]     Checking tracing-core v0.1.13
[INFO] [stderr]     Checking thread_local v1.0.1
[INFO] [stderr]     Checking lock_api v0.4.1
[INFO] [stderr]     Checking log v0.4.11
[INFO] [stderr]     Checking lru-cache v0.1.2
[INFO] [stderr]     Checking encoding_rs v0.8.23
[INFO] [stderr]     Checking net2 v0.2.34
[INFO] [stderr]     Checking parking_lot_core v0.8.0
[INFO] [stderr]     Checking socket2 v0.3.12
[INFO] [stderr]     Checking backtrace v0.3.50
[INFO] [stderr]     Checking hostname v0.3.1
[INFO] [stderr]    Compiling heck v0.3.1
[INFO] [stderr]     Checking ring v0.16.15
[INFO] [stderr]     Checking threadpool v1.8.1
[INFO] [stderr]    Compiling num-traits v0.2.12
[INFO] [stderr]    Compiling hashbrown v0.8.1
[INFO] [stderr]    Compiling num-integer v0.1.43
[INFO] [stderr]    Compiling indexmap v1.5.0
[INFO] [stderr]     Checking idna v0.2.0
[INFO] [stderr]    Compiling nom v4.2.3
[INFO] [stderr]     Checking resolv-conf v0.6.3
[INFO] [stderr]     Checking aho-corasick v0.7.13
[INFO] [stderr]     Checking tracing v0.1.18
[INFO] [stderr]     Checking parking_lot v0.11.0
[INFO] [stderr]     Checking mio v0.6.22
[INFO] [stderr]     Checking rand_core v0.5.1
[INFO] [stderr]     Checking flate2 v1.0.16
[INFO] [stderr]     Checking mime_guess v2.0.3
[INFO] [stderr]     Checking rand_chacha v0.2.2
[INFO] [stderr]     Checking fxhash v0.2.1
[INFO] [stderr]     Checking url v2.1.1
[INFO] [stderr]     Checking rand v0.7.3
[INFO] [stderr]     Checking mio-uds v0.6.8
[INFO] [stderr]     Checking regex v1.3.9
[INFO] [stderr]     Checking tokio v0.2.22
[INFO] [stderr]     Checking chrono v0.4.13
[INFO] [stderr]     Checking brotli2 v0.3.2
[INFO] [stderr]     Checking tokio-util v0.2.0
[INFO] [stderr]     Checking tokio-util v0.3.1
[INFO] [stderr]     Checking actix-codec v0.2.0
[INFO] [stderr]    Compiling synstructure v0.12.4
[INFO] [stderr]    Compiling pin-project-internal v0.4.23
[INFO] [stderr]    Compiling futures-macro v0.3.5
[INFO] [stderr]    Compiling derive_more v0.99.9
[INFO] [stderr]    Compiling actix-macros v0.1.2
[INFO] [stderr]    Compiling serde_derive v1.0.114
[INFO] [stderr]    Compiling failure_derive v0.1.8
[INFO] [stderr]    Compiling enum-as-inner v0.3.2
[INFO] [stderr]    Compiling async-trait v0.1.36
[INFO] [stderr]    Compiling actix-web-codegen v0.2.2
[INFO] [stderr]    Compiling v_escape_derive v0.5.6
[INFO] [stderr]     Checking failure v0.1.8
[INFO] [stderr]     Checking v_escape v0.7.4
[INFO] [stderr]     Checking v_htmlescape v0.4.5
[INFO] [stderr]     Checking pin-project v0.4.23
[INFO] [stderr]     Checking futures-util v0.3.5
[INFO] [stderr]     Checking actix-threadpool v0.3.3
[INFO] [stderr]     Checking futures-executor v0.3.5
[INFO] [stderr]     Checking actix-rt v1.1.1
[INFO] [stderr]     Checking actix-service v1.0.5
[INFO] [stderr]     Checking h2 v0.2.6
[INFO] [stderr]     Checking futures v0.3.5
[INFO] [stderr]     Checking trust-dns-proto v0.18.0-alpha.2
[INFO] [stderr]     Checking actix-utils v1.0.6
[INFO] [stderr]     Checking actix-server v1.0.3
[INFO] [stderr]     Checking actix-tls v1.0.0
[INFO] [stderr]     Checking actix-testing v1.0.1
[INFO] [stderr]     Checking trust-dns-resolver v0.18.0-alpha.2
[INFO] [stderr]     Checking serde_urlencoded v0.6.1
[INFO] [stderr]     Checking serde_json v1.0.57
[INFO] [stderr]     Checking actix-router v0.2.4
[INFO] [stderr]     Checking actix-connect v1.0.2
[INFO] [stderr]     Checking actix-http v1.0.1
[INFO] [stderr]     Checking awc v1.0.1
[INFO] [stderr]     Checking actix-web v2.0.0
[INFO] [stderr]     Checking actix-session v0.3.0
[INFO] [stderr]     Checking actix-files v0.2.2
[INFO] [stderr]     Checking linkr v0.1.0 (/opt/rustwide/workdir)
[INFO] [stdout] error[E0432]: unresolved import `serde`
[INFO] [stdout]  --> src/model.rs:1:5
[INFO] [stdout]   |
[INFO] [stdout] 1 | use serde::{Serialize, Deserialize};
[INFO] [stdout]   |     ^^^^^ use of undeclared type or module `serde`
[INFO] [stdout] 
[INFO] [stdout] 
[INFO] [stdout] error[E0432]: unresolved import `serde`
[INFO] [stdout]  --> src/model.rs:1:5
[INFO] [stdout]   |
[INFO] [stdout] 1 | use serde::{Serialize, Deserialize};
[INFO] [stdout]   |     ^^^^^ use of undeclared type or module `serde`
[INFO] [stdout] 
[INFO] [stdout] 
[INFO] [stdout] error[E0433]: failed to resolve: use of undeclared type or module `Todo`
[INFO] [stdout]   --> src/routes.rs:17:18
[INFO] [stdout]    |
[INFO] [stdout] 17 |     let result = Todo::create(todo.into_inner(), db_pool.get_ref()).await;
[INFO] [stdout]    |                  ^^^^ use of undeclared type or module `Todo`
[INFO] [stdout] 
[INFO] [stdout] 
[INFO] [stdout] error[E0412]: cannot find type `TodoRequest` in this scope
[INFO] [stdout]   --> src/routes.rs:16:34
[INFO] [stdout]    |
[INFO] [stdout] 16 | async fn shorten(todo: web::Json<TodoRequest>, db_pool: web::Data<PgPool>) -> impl Responder {
[INFO] [stdout]    |                 -                ^^^^^^^^^^^ not found in this scope
[INFO] [stdout]    |                 |
[INFO] [stdout]    |                 help: you might be missing a type parameter: `<TodoRequest>`
[INFO] [stdout] 
[INFO] [stdout] 
[INFO] [stdout] error[E0412]: cannot find type `PgPool` in this scope
[INFO] [stdout]   --> src/routes.rs:16:67
[INFO] [stdout]    |
[INFO] [stdout] 16 | async fn shorten(todo: web::Json<TodoRequest>, db_pool: web::Data<PgPool>) -> impl Responder {
[INFO] [stdout]    |                 -                                                 ^^^^^^ not found in this scope
[INFO] [stdout]    |                 |
[INFO] [stdout]    |                 help: you might be missing a type parameter: `<PgPool>`
[INFO] [stdout] 
[INFO] [stdout] 
[INFO] [stdout] error[E0405]: cannot find trait `Responder` in this scope
[INFO] [stdout]   --> src/routes.rs:16:84
[INFO] [stdout]    |
[INFO] [stdout] 16 | async fn shorten(todo: web::Json<TodoRequest>, db_pool: web::Data<PgPool>) -> impl Responder {
[INFO] [stdout]    |                                                                                    ^^^^^^^^^ not found in this scope
[INFO] [stdout]    |
[INFO] [stdout] help: consider importing one of these items
[INFO] [stdout]    |
[INFO] [stdout] 1  | use actix_web::Responder;
[INFO] [stdout]    |
[INFO] [stdout] 1  | use crate::Responder;
[INFO] [stdout]    |
[INFO] [stdout] 
[INFO] [stdout] 
[INFO] [stdout] warning: unused imports: `App`, `Error`, `HttpRequest`, `HttpServer`, `delete`, `error`, `guard`, `middleware`, `put`
[INFO] [stdout]  --> src/routes.rs:2:5
[INFO] [stdout]   |
[INFO] [stdout] 2 |     delete, get, post, put, web,
[INFO] [stdout]   |     ^^^^^^             ^^^
[INFO] [stdout] 3 |     error, guard, middleware, App, Error, HttpRequest, HttpResponse, HttpServer,
[INFO] [stdout]   |     ^^^^^  ^^^^^  ^^^^^^^^^^  ^^^  ^^^^^  ^^^^^^^^^^^                ^^^^^^^^^^
[INFO] [stdout]   |
[INFO] [stdout]   = note: `#[warn(unused_imports)]` on by default
[INFO] [stdout] 
[INFO] [stdout] 
[INFO] [stdout] warning: unused import: `crate::routes::init`
[INFO] [stdout]  --> src/main.rs:6:5
[INFO] [stdout]   |
[INFO] [stdout] 6 | use crate::routes::init;
[INFO] [stdout]   |     ^^^^^^^^^^^^^^^^^^^
[INFO] [stdout] 
[INFO] [stdout] 
[INFO] [stdout] error[E0433]: failed to resolve: use of undeclared type or module `Todo`
[INFO] [stdout]   --> src/routes.rs:17:18
[INFO] [stdout]    |
[INFO] [stdout] 17 |     let result = Todo::create(todo.into_inner(), db_pool.get_ref()).await;
[INFO] [stdout]    |                  ^^^^ use of undeclared type or module `Todo`
[INFO] [stdout] 
[INFO] [stdout] 
[INFO] [stdout] error[E0412]: cannot find type `TodoRequest` in this scope
[INFO] [stdout]   --> src/routes.rs:16:34
[INFO] [stdout]    |
[INFO] [stdout] 16 | async fn shorten(todo: web::Json<TodoRequest>, db_pool: web::Data<PgPool>) -> impl Responder {
[INFO] [stdout]    |                 -                ^^^^^^^^^^^ not found in this scope
[INFO] [stdout]    |                 |
[INFO] [stdout]    |                 help: you might be missing a type parameter: `<TodoRequest>`
[INFO] [stdout] 
[INFO] [stdout] 
[INFO] [stdout] error[E0412]: cannot find type `PgPool` in this scope
[INFO] [stdout]   --> src/routes.rs:16:67
[INFO] [stdout]    |
[INFO] [stdout] 16 | async fn shorten(todo: web::Json<TodoRequest>, db_pool: web::Data<PgPool>) -> impl Responder {
[INFO] [stdout]    |                 -                                                 ^^^^^^ not found in this scope
[INFO] [stdout]    |                 |
[INFO] [stdout]    |                 help: you might be missing a type parameter: `<PgPool>`
[INFO] [stdout] 
[INFO] [stdout] 
[INFO] [stdout] error[E0405]: cannot find trait `Responder` in this scope
[INFO] [stdout]   --> src/routes.rs:16:84
[INFO] [stdout]    |
[INFO] [stdout] 16 | async fn shorten(todo: web::Json<TodoRequest>, db_pool: web::Data<PgPool>) -> impl Responder {
[INFO] [stdout]    |                                                                                    ^^^^^^^^^ not found in this scope
[INFO] [stdout]    |
[INFO] [stdout] help: consider importing one of these items
[INFO] [stdout]    |
[INFO] [stdout] 1  | use actix_web::Responder;
[INFO] [stdout]    |
[INFO] [stdout] 1  | use crate::Responder;
[INFO] [stdout]    |
[INFO] [stdout] 
[INFO] [stdout] 
[INFO] [stdout] warning: unused imports: `App`, `Error`, `HttpRequest`, `HttpServer`, `delete`, `error`, `guard`, `middleware`, `put`
[INFO] [stdout]  --> src/routes.rs:2:5
[INFO] [stdout]   |
[INFO] [stdout] 2 |     delete, get, post, put, web,
[INFO] [stdout]   |     ^^^^^^             ^^^
[INFO] [stdout] 3 |     error, guard, middleware, App, Error, HttpRequest, HttpResponse, HttpServer,
[INFO] [stdout]   |     ^^^^^  ^^^^^  ^^^^^^^^^^  ^^^  ^^^^^  ^^^^^^^^^^^                ^^^^^^^^^^
[INFO] [stdout]   |
[INFO] [stdout]   = note: `#[warn(unused_imports)]` on by default
[INFO] [stdout] 
[INFO] [stdout] 
[INFO] [stdout] warning: unused import: `crate::routes::init`
[INFO] [stdout]  --> src/main.rs:6:5
[INFO] [stdout]   |
[INFO] [stdout] 6 | use crate::routes::init;
[INFO] [stdout]   |     ^^^^^^^^^^^^^^^^^^^
[INFO] [stdout] 
[INFO] [stdout] 
[INFO] [stdout] error: aborting due to 5 previous errors; 2 warnings emitted
[INFO] [stdout] 
[INFO] [stdout] 
[INFO] [stdout] error: aborting due to 5 previous errors; 2 warnings emitted
[INFO] [stdout] 
[INFO] [stdout] 
[INFO] [stdout] Some errors have detailed explanations: E0405, E0412, E0432, E0433.
[INFO] [stdout] 
[INFO] [stdout] Some errors have detailed explanations: E0405, E0412, E0432, E0433.
[INFO] [stdout] 
[INFO] [stdout] For more information about an error, try `rustc --explain E0405`.
[INFO] [stdout] 
[INFO] [stdout] For more information about an error, try `rustc --explain E0405`.
[INFO] [stdout] 
[INFO] [stderr] error: could not compile `linkr`.
[INFO] [stderr] 
[INFO] [stderr] To learn more, run the command again with --verbose.
[INFO] [stderr] warning: build failed, waiting for other jobs to finish...
[INFO] [stderr] error: build failed
[INFO] running `Command { std: "docker" "inspect" "b6a2daa3ec2c849d60834b5c52ab561675956d72fe2e817d156271324e8348aa", kill_on_drop: false }`
[INFO] running `Command { std: "docker" "rm" "-f" "b6a2daa3ec2c849d60834b5c52ab561675956d72fe2e817d156271324e8348aa", kill_on_drop: false }`
[INFO] [stdout] b6a2daa3ec2c849d60834b5c52ab561675956d72fe2e817d156271324e8348aa
